 be l(c). Is -1 - (p - 3/(-3)) prime?
False
Let x be 1*423/(-6)*208/(-6). Let k = x + -285. Is k a composite number?
True
Let k be (-14)/21*(-3)/(-2). Let q(z) = -92*z + 1. Is q(k) a composite number?
True
Suppose 5*y + 9 = 4*j, j - y - 3 = -j. Let c(v) = 4 - v - 4 + 48*v**2. Is c(j) composite?
False
Is (-5 - 0 - -4258) + 0/1 prime?
True
Suppose 8301 = -34*j + 37*j. Is j a composite number?
False
Suppose 27 + 9 = 4*q. Is (1/(-3)*-19)/(q/27) prime?
True
Suppose -3*o + 316 - 112 = 0. Let d(w) = -w**2 + 6. Let g be d(2). Suppose -495 = -3*q - 2*l + o, 0 = g*l - 8. Is q a prime number?
False
Suppose 25*m - 21*m = 0. Suppose r + m*r = 481. Is r a prime number?
False
Let u be 2/((-6)/(-2783))*3. Let c = 6190 - u. Is c a composite number?
False
Let h = -4853 + 8016. Is h composite?
False
Suppose 0 = 2*k + 2*l + 16, 3*k - 2*l = l - 12. Let a be ((-15)/(-4))/(k/(-160)). Let p = -11 + a. Is p a prime number?
True
Let q(w) = -w + 7. Let n be q(4). Suppose a + 310 = n*a. Is a composite?
True
Suppose 0 = -5*q + q + 4. Let l(h) be the first derivative of 3*h**4 - h**3/3 + h**2/2 - h - 1. Is l(q) a composite number?
False
Let h = -20 - -5. Let w = -19 - h. Let p(u) = -53*u + 5. Is p(w) prime?
False
Let l be 21674/4 + (-18)/(-12). Suppose -16*v + 12*v = -l. Is v a prime number?
False
Let d = -449 + 99. Let n = d - -1610. Is n/16 + 3/12 a prime number?
True
Let i be ((-2)/2)/(5/(-10)). Suppose -i*c = 3*g + 82, 5*c + 36 = 5*g - 144. Let s = c - -76. Is s a prime number?
False
Suppose -l - 5*h + 31 = 0, -2*h + 4*h - 4 = l. Is (4/(48/3642))/(1/l) a prime number?
False
Let h = -4 + 5. Let o be -1 - (-25 - -3 - h). Is (-6)/((12/o)/(-3)) composite?
True
Let x = 77512 + -50885. Is x a composite number?
False
Suppose 3*i = v + 33, -42 = -4*i + i + 4*v. Suppose 0 = -4*h - 2 - i. Is (-1)/h - 264/(-18) prime?
False
Let h be (-14)/(-119) + (-606)/(-51). Let m be ((-72)/(-10))/(h/(-40)). Is (-2332)/m - (-2)/(-12) a composite number?
False
Let d = -4 - -8. Suppose 7*h = 3*h - 20, -d*h = 3*q - 25. Suppose -x - q = -6*x. Is x a composite number?
False
Suppose 9*r = 30*r - 13587. Is r a prime number?
True
Suppose 2*m - 4*p - 8755 = 2575, -5*m + 28318 = -3*p. Is m prime?
False
Let b(r) = -r**3 - 3*r**2 + 6*r - 6. Let y be b(-5). Suppose 4*x - 18 = 3*d, y = 3*x + 2*d - 8. Suppose -x*o = -11*o + 385. Is o a composite number?
True
Suppose -3*j + 4*n = -3899 - 137, j + 2*n = 1362. Let b = j - 789. Is b prime?
True
Suppose -2*a = j - 11, -4*j + 4*a + 4 = 2*a. Let d = j - -2. Suppose 5*s + d*x = 630, 5*s - 2*s + 2*x = 379. Is s a composite number?
False
Let a(w) = -655*w + 47. Is a(-2) a prime number?
False
Let b = -29 + 34. Suppose 8*r - b*r - 1257 = 0. Is r a composite number?
False
Let w be ((-2)/4)/(1/(-4)) - -2. Suppose -w*n - 6168 = -12*n. Is n a prime number?
False
Suppose 4*n + n - r = 5344, 2*n - 3*r = 2148. Suppose -2*a + n = 3*a - q, -5*a + 4*q + 1062 = 0. Is a prime?
False
Let w be 7/(-14) - (-10)/4. Suppose -w*d + 0 = 2. Let g(l) = -198*l**3 + 2*l**2 + 2*l + 1. Is g(d) a prime number?
True
Suppose -g - 539 = -8. Let z = g + 1144. Suppose 4*x - 227 = -t, -x - 4*x - z = -3*t. Is t a composite number?
False
Suppose 10*u + 25 = 11035. Is u composite?
True
Let m(y) = -5*y + 1. Let z be m(-4). Suppose r - 63 - z = 0. Suppose -2*q + r + 26 = 0. Is q a composite number?
True
Let v(o) = o**2 + 1. Let r be v(2). Suppose r*s = -3*u + 3241, 0*u - 2*s + 1079 = u. Is u prime?
True
Suppose 1513 + 72 = 2*b - w, -4*b - 4*w + 3200 = 0. Suppose -5*n = -0*n - b. Is n composite?
True
Let s be -5 + 1 + (5 - 3). Let m be (-6)/(s - 0) + -4. Is ((-165 + -1)/2)/m prime?
True
Suppose 13*q - 9 = 10*q. Suppose -q = -t, r - 79 = -3*t + 543. Is r a composite number?
False
Let s = -5134 + 14470. Let l be (2/(-4))/((-12)/s). Let d = 678 - l. Is d a composite number?
True
Let u(j) = -366*j + 11. Suppose 0*w + 3*w - 3*r = 0, 4*r - 3 = 5*w. Is u(w) composite?
False
Is (0 - -1)/(190/8594270) composite?
False
Let f(c) = c**3 + 6*c**2 + 7*c + 6. Let w be f(-4). Let t = -7 + w. Suppose v + 62 = t*v. Is v a composite number?
False
Let p = -126 + -32. Let w = p - -273. Suppose -2*v = 4*m + m - 193, -2*v = 3*m - w. Is m a prime number?
False
Let f = -506 - -908. Suppose 0 = -3*s + 3*h + f, -3*s - 2*h = -400 - 2. Is s prime?
False
Let u be (-1)/((-3)/13878) - -3. Suppose -9*k + u = -6*k. Is k a composite number?
False
Suppose -238425 = -12*j - 16653. Is j a prime number?
True
Suppose 0 = 2*p + 6, -17 = s - 3*s + 3*p. Suppose -s*x + 88 = -t, 0 = 4*x - 3*t - 13 - 83. Is x prime?
False
Suppose -18 = -3*y - 0*y + 2*h, 0 = 2*y - 3*h - 17. Suppose 15 = y*d - d. Let i = 20 + d. Is i a prime number?
False
Let t(l) = 24*l**2 + 12*l - 25. Let j be 2 - (-4)/12*-33. Is t(j) a prime number?
True
Is (-35476)/(-4) - (-40)/(-5) a prime number?
True
Let q(t) = -65*t + 12. Let o(a) = -a + 1. Let j(g) = 5*o(g) - q(g). Let x be j(3). Suppose 3*f + 2*m = 6*m + x, f = -m + 53. Is f a prime number?
False
Is (55258/(-10))/((-21)/35)*3 prime?
False
Let v(b) = b**3 - 5*b**2 + 5*b. Let l be v(4). Suppose -5*n = 5*a - 18 + 3, l*n - 19 = 3*a. Is n/((-32)/28)*-6 a prime number?
False
Let j = 56 + -172. Let y = j - -993. Is y composite?
False
Let z be (-4)/34 + (-1617616)/(-1717). Suppose 0 = 5*n - n + 1060. Let l = n + z. Is l a composite number?
False
Let q(y) = -2*y**3 - y**2 - y + 1. Let l be q(1). Let f be (-338)/(-39) - (-2)/l. Suppose 5*r - 118 = -f. Is r a prime number?
False
Let k(q) = -q**2 - 12*q - 11. Let i(p) = -2*p - 5. Let a be i(3). Let n be k(a). Suppose -2*c + 728 = 2*c - 4*h, -5*c + h + 922 = n. Is c prime?
False
Let q be -2 - (-3 + -1 - 0). Suppose 0 = 3*k + 2*s - 7569, -q*k + 7*k + 4*s = 12617. Is k a composite number?
False
Is -3571*1*6/(4 + -10) prime?
True
Is ((-10275)/10 + -1*4)*-2 prime?
True
Suppose -5*s - 4316 = b - 11363, -2*s = 4*b - 2826. Is s a composite number?
False
Let u(v) = 365*v + 34. Let t be u(-4). Let l = -869 - t. Is l prime?
True
Suppose -19 = -3*d - 7. Suppose 8 + 204 = d*o. Is o prime?
True
Let f(s) = -24*s**2 - s + 4. Let v be f(0). Let a be (498/5)/3*5. Suppose -v*w + 150 = -a. Is w a prime number?
True
Suppose 10*b = -28*b + 249166. Is b composite?
True
Let h(d) = 4*d - d**2 - 3*d - d**3 + 3*d**2 - 7*d + 7. Let t be h(3). Is 8/(-10) + (-1176)/t prime?
False
Let k(n) be the third derivative of 79*n**4/24 - 41*n**2. Suppose 0 = 4*d - 2*c + 7*c - 24, c - 1 = 3*d. Is k(d) a composite number?
False
Let b(g) = 2*g**2 + g + 6. Let k be b(0). Suppose 5*o = 2*o - k. Is (-106)/(-8) + o/8 prime?
True
Let p(b) be the first derivative of 22*b**3/3 + 13*b**2/2 - 23*b - 7. Is p(-10) a prime number?
False
Suppose 22*y = 409430 + 245048. Is y prime?
False
Let m be 1 + -2 - -4 - -211. Suppose 0 = -f + x + 882 + m, -5*f = -x - 5472. Suppose -4*k = i - 561 - f, -k + 5*i + 398 = 0. Is k composite?
True
Let k(r) = -2*r**3 - 6*r**2 + 4*r - 4. Let f be k(-5). Let s = f + 7. Is s prime?
True
Let c = -7 - 3. Is (-2)/c - 16328/(-10) a composite number?
True
Is -28564*(-8 - 31/(-4)) composite?
True
Let t(q) = 23*q + 4. Let g be t(2). Let r = 22 - g. Is (-2)/7 - 1044/r prime?
True
Let h = -2874 - -5813. Is h composite?
False
Let i(w) = -4*w**3 - 4*w**2 + 21*w + 29. Is i(-12) a prime number?
True
Let q(i) = i**2 - 5*i + 5. Let t be q(2). Let p be 1 + t/(1/6). Let n(g) = 8*g**2 + g + 6. Is n(p) prime?
False
Let z = -8 + -15. Let n = -154 - z. Let r = n + 184. Is r a composite number?
False
Suppose -486 - 267 = -3*s. Is s a composite number?
False
Suppose -4*i = -6*i. Suppose i = 7*c - 4*c - 3495. Is c a composite number?
True
Suppose -11*f + 16*f + k - 22735 = 0, -18188 = -4*f - 5*k. Is f prime?
True
Suppose 4 = 3*g - 4*z, -3*g + z - 3 = -4. Suppose 5*o + 5 = g, 31 = 3*x - 3*o + 2*o. Is 3 - (0 - 1 - x) a prime number?
False
Suppose -6*g + 9*g = 1404. Suppose 3*j = 0, 0 = 2*a + 3*j + 178 - g. Is a composite?
True
Suppose -8*g + 9 + 15 = 0. Suppose 0 = -g*b - a + 1338 + 95, -5*a + 951 = 2*b. Is b a prime number?
False
Suppose -5*z + 15 = -2*h, -11 = -3*z + 4. Suppose 0*u - 779 = -v - h*u, v + 3*u - 779 = 0. Is v prime?
False
Suppose -2*k - 58285 = -7*k - 3*l, -5*l + 46628 = 4*k. Is k prime?
True
Let z be (3 + 3)*3/6. Suppose -z*y = -193 - 410. Is y a composite number?
True
Is (-4)/(-16)*2*(39874 + 0) prime?
True
Suppose 0*r 